
What is the tens digit of 40435208?
0
What is the millions digit of 2907502082?
7
What is the tens digit of 866708912?
1
What is the hundred thousands digit of 34792909?
7
What is the units digit of 7690458065?
5
What is the hundred thousands digit of 323264691?
2
What is the hundred millions digit of 5473084546?
4
What is the ten thousands digit of 93818954?
1
What is the hundred millions digit of 189248272?
1
What is the hundreds digit of 23295555?
5
What is the ten thousands digit of 1640289172?
8
What is the ten millions digit of 10245537?
1
What is the tens digit of 323422389?
8
What is the ten millions digit of 1091016515?
9
What is the tens digit of 8796087708?
0
What is the units digit of 505042538?
8
What is the hundreds digit of 18962681?
6
What is the ten millions digit of 137966699?
3
What is the billions digit of 2558834771?
2
What is the hundreds digit of 1699247296?
2
What is the ten thousands digit of 953527039?
2
What is the ten millions digit of 88624925?
8
What is the units digit of 124687950?
0
What is the units digit of 36967064?
4
What is the thousands digit of 417367942?
7
What is the hundred millions digit of 1569855618?
5
What is the millions digit of 29492872?
9
What is the tens digit of 24467900?
0
What is the hundred thousands digit of 3548047?
5
What is the hundred millions digit of 576783258?
5
What is the ten millions digit of 78035378?
7
What is the millions digit of 39423764?
9
What is the hundred millions digit of 1024814971?
0
What is the units digit of 9397264?
4
What is the thousands digit of 253149878?
9
What is the millions digit of 1899130888?
9
What is the hundred thousands digit of 1651238?
6
What is the thousands digit of 952999475?
9
What is the tens digit of 49285751?
5
What is the millions digit of 192680574?
2
What is the units digit of 11275453?
3
What is the hundred thousands digit of 273668044?
6
What is the hundred millions digit of 145509902?
1
What is the ten millions digit of 541266236?
4
What is the hundreds digit of 5004208807?
8
What is the millions digit of 2981024477?
1
What is the millions digit of 30751793?
0
What is the hundreds digit of 3182700879?
8
What is the millions digit of 50427820?
0
What is the thousands digit of 92571710?
1
What is the thousands digit of 3466239782?
9
What is the thousands digit of 149473594?
3
What is the hundred thousands digit of 55681706?
6
What is the units digit of 1790196996?
6
What is the millions digit of 46316282?
6
What is the millions digit of 103313942?
3
What is the millions digit of 124868122?
4
What is the hundred millions digit of 364534203?
3
What is the hundred millions digit of 239367928?
2
What is the hundred thousands digit of 287381831?
3
What is the units digit of 90196799?
9
What is the hundred millions digit of 2823150468?
8
What is the ten millions digit of 55475109?
5
What is the ten millions digit of 130120021?
3
What is the ten millions digit of 74366987?
7
What is the ten thousands digit of 886250179?
5
What is the hundred millions digit of 1770335608?
7
What is the ten thousands digit of 81095124?
9
What is the hundreds digit of 464130?
1
What is the ten thousands digit of 102736490?
3
What is the tens digit of 27422551?
5
What is the ten millions digit of 1523782787?
2
What is the tens digit of 56191803?
0
What is the ten thousands digit of 4519516?
1
What is the hundred thousands digit of 183889371?
8
What is the units digit of 7471179036?
6
What is the ten thousands digit of 13212254?
1
What is the thousands digit of 27117330?
7
What is the ten millions digit of 7811215850?
1
What is the thousands digit of 3109060233?
0
What is the billions digit of 1697669785?
1
What is the ten thousands digit of 1585110988?
1
What is the tens digit of 17258321?
2
What is the ten millions digit of 238080877?
3
What is the ten millions digit of 300953957?
0
What is the ten millions digit of 1000503366?
0
What is the hundred thousands digit of 788696619?
6
What is the hundred millions digit of 279448946?
2
What is the ten thousands digit of 171762131?
6
What is the units digit of 192133810?
0
What is the hundreds digit of 1395526735?
7
What is the hundred millions digit of 398877782?
3
What is the hundred millions digit of 6464080778?
4
What is the ten millions digit of 52447711?
5
What is the hundred millions digit of 1444480435?
4
What is the hundreds digit of 35636295?
2
What is the hundreds digit of 16545355?
3
What is the hundreds digit of 189916272?
2
What is the units digit of 261258213?
3
What is the hundreds digit of 1109986367?
3
What is the hundred thousands digit of 5243925234?
9
What is the units digit of 38034933?
3
What is the units digit of 105982413?
3
What is the thousands digit of 17536960?
6
What is the ten millions digit of 952520325?
5
What is the tens digit of 347828108?
0
What is the thousands digit of 79583000?
3
What is the hundred thousands digit of 470201633?
2
What is the hundreds digit of 45074854?
8
What is the hundred thousands digit of 383979094?
9
What is the hundred thousands digit of 176070945?
0
What is the ten millions digit of 296148537?
9
What is the hundred millions digit of 626039282?
6
What is the hundred thousands digit of 74278550?
2
What is the tens digit of 569712958?
5
What is the ten thousands digit of 1531090855?
9
What is the ten millions digit of 16034071?
1
What is the units digit of 24395563?
3
What is the hundred millions digit of 1242503106?
2
What is the millions digit of 3097740920?
7
What is the thousands digit of 689133528?
3
What is the hundreds digit of 501483152?
1
What is the thousands digit of 27170515?
0
What is the tens digit of 884332014?
1
What is the millions digit of 6091775829?
1
What is the tens digit of 667247352?
5
What is the hundred thousands digit of 35685219?
6
What is the units digit of 20544504?
4
What is the hundred millions digit of 763994919?
7
What is the ten thousands digit of 418013?
1
What is the hundred thousands digit of 2998208129?
2
What is the ten millions digit of 27865519?
2
What is the ten thousands digit of 345433367?
3
What is the ten millions digit of 17861873?
1
What is the ten millions digit of 109733467?
0
What is the thousands digit of 5651643896?
3
What is the millions digit of 81814615?
1
What is the hundred millions digit of 149025023?
1
What is the ten thousands digit of 163678457?
7
What is the millions digit of 2748496263?
8
What is the hundreds digit of 313707840?
8
What is the hundred thousands digit of 775787457?
7
What is the tens digit of 66247214?
1
What is the tens digit of 204663818?
1
What is the ten thousands digit of 10076589?
7
What is the tens digit of 245611777?
7
What is the tens digit of 62511433?
3
What is the ten thousands digit of 923067?
2
What is the thousands digit of 1830124730?
4
What is the millions digit of 890233766?
0
What is the ten thousands digit of 704079971?
7
What is the units digit of 691409661?
1
What is the tens digit of 36289176?
7
What is the ten thousands digit of 859287715?
8
What is the hundred thousands digit of 21022029?
0
What is the thousands digit of 2403530843?
0
What is the hundred millions digit of 343773306?
3
What is the ten millions digit of 36782448?
3
What is the ten thousands digit of 204679313?
7
What is the thousands digit of 202703777?
3
What is the hundred millions digit of 957634284?
9
What is the hundred millions digit of 280176438?
2
What is the millions digit of 1731593453?
1
What is the units digit of 143096875?
5
What is the billions digit of 1183409498?
1
What is the millions digit of 93551030?
3
What is the tens digit of 85471295?
9
What is the thousands digit of 328870702?
0
What is the tens digit of 474075626?
2
What is the millions digit of 29528255?
9
What is the billions digit of 4235336296?
4
What is the units digit of 1024853376?
6
What is the hundred thousands digit of 210522938?
5
What is the ten millions digit of 35571747?
3
What is the hundred millions digit of 184737160?
1
What is the ten millions digit of 71042411?
7
What is the tens digit of 42586155?
5
What is the ten thousands digit of 410336015?
3
What is the thousands digit of 31883806?
3
What is the ten thousands digit of 218101125?
0
What is the thousands digit of 35626991?
6
What is the t